{"id":786,"date":"2025-04-22T15:46:14","date_gmt":"2025-04-22T13:46:14","guid":{"rendered":"https:\/\/festivalamontour.fr\/?page_id=786"},"modified":"2025-04-22T15:46:30","modified_gmt":"2025-04-22T13:46:30","slug":"dimanche-20-juillet-2025","status":"publish","type":"page","link":"https:\/\/festivalamontour.fr\/index.php\/dimanche-20-juillet-2025\/","title":{"rendered":"Dimanche 20 juillet 2025"},"content":{"rendered":"<h4 class=\"p2\" style=\"text-align: center;\"><span class=\"s1\" style=\"color: #227b65;\"><b>Dimanche 20 juillet<br \/>\n\u00c0 Montours<\/b><\/span><\/h4>\n<p class=\"p3\" style=\"text-align: center;\"><strong><span style=\"color: #000000;\"><span class=\"s1\">\u00c0 12h<br \/>\nChez Jacques<\/span><\/span><\/strong><\/p>\n<p class=\"p4\" style=\"text-align: center;\"><span style=\"color: #000000;\"><span style=\"text-decoration: underline;\"><em><span style=\"color: #227b65; text-decoration: underline;\">D\u00e9jeuner musical Chez Jacques<\/span><\/em><\/span><br \/>\n<b><br \/>\n<\/b>Rencontres improvis\u00e9es avec les musiciens du festival<br \/>\nLieu : Restaurant Chez Jacques<br \/>\nRepas sur r\u00e9servation aupr\u00e8s du restaurant : <a href=\"https:\/\/www.google.com\/search?q=chez+jacques+restaurant+montours&amp;client=firefox-b-e&amp;sca_esv=c2c122aff106e202&amp;sca_upv=1&amp;ei=29kgZoodiqaR1Q-h2YeABQ&amp;ved=0ahUKEwjK9tehrMuFAxUKU6QEHaHsAVAQ4dUDCA8&amp;uact=5&amp;oq=chez+jacques+restaurant+montours&amp;gs_lp=Egxnd3Mtd2l6LXNlcnAiIGNoZXogamFjcXVlcyByZXN0YXVyYW50IG1vbnRvdXJzMgUQIRigATIFECEYoAEyBRAhGKABMgUQIRigAUiNLVDYGFjbK3AFeAGQAQCYAf4BoAHNC6oBBTMuNi4yuAEDyAEA-AEBmAIQoAKLDMICChAAGLADGNYEGEfCAg0QABiABBiwAxhDGIoFwgILEC4YgAQYxwEYrwHCAgUQABiABMICBhAAGBYYHsICGhAuGIAEGMcBGK8BGJcFGNwEGN4EGOAE2AEBwgIFECEYnwXCAgcQIRigARgKwgIEECEYFZgDAIgGAZAGCboGBggBEAEYFJIHBTcuNy4yoAeiSA&amp;sclient=gws-wiz-serp#\"><span class=\"s1\">02 56 47 14 68<\/span><\/a><\/span><\/p>\n<p class=\"p3\" style=\"text-align: center;\"><strong><span style=\"color: #000000;\"><span class=\"s1\">\u00c0 15h30<br \/>\nSur le Parvis de l&#8217;\u00c9glise<\/span><\/span><\/strong><\/p>\n<p class=\"p4\" style=\"text-align: center;\"><span style=\"text-decoration: underline; color: #227b65;\"><em>\u00c0 Mon Tour de jouer : Restitution des ateliers<\/em> <\/span><\/p>\n<p class=\"p4\" style=\"text-align: center;\"><span style=\"color: #000000;\">Concert-cr\u00e9ation<br \/>\nLieu : Parvis de l\u2019\u00e9glise<\/span><\/p>\n<p class=\"p3\" style=\"text-align: center;\"><span class=\"s1\"><span style=\"color: #000000;\"><strong>\u00c0 16h<br \/>\n\u00c0 l&#8217;\u00c9glise Saint Melaine de Montours<\/strong><\/span><\/span><\/p>\n<p class=\"p4\" style=\"text-align: center;\"><span style=\"color: #227b65;\"><em><span style=\"text-decoration: underline;\">Synesth\u00e9sia<\/span><\/em><\/span><\/p>\n<p class=\"p4\" style=\"text-align: center;\"><span style=\"color: #000000;\">Solo de contrebasse<br \/>\navec <span class=\"s2\">Ronan Courty<\/span><\/span><\/p>\n<p class=\"p5\" style=\"text-align: center;\"><span style=\"text-decoration: underline; color: #227b65;\"><em><span class=\"s3\">Pan Atlantico<\/span><\/em><\/span><\/p>\n<p class=\"p4\" style=\"text-align: center;\"><span style=\"color: #000000;\">Chansons argentines<br \/>\n<span class=\"s3\">avec <\/span>Diana Baroni <span class=\"s3\">et <\/span>Simon Drappier<\/span><\/p>\n<p>&nbsp;<\/p>\n","protected":false},"excerpt":{"rendered":"<p>Dimanche 20 juillet \u00c0 Montours \u00c0 12h Chez Jacques D\u00e9jeuner musical Chez Jacques Rencontres improvis\u00e9es avec les musiciens du festival Lieu : Restaurant Chez Jacques Repas sur r\u00e9servation aupr\u00e8s du restaurant : 02 56 47 14 68 \u00c0 15h30 Sur le Parvis de l&#8217;\u00c9glise \u00c0 Mon Tour de jouer : Restitution des ateliers Concert-cr\u00e9ation Lieu [&hellip;]<\/p>\n","protected":false},"author":1,"featured_media":0,"parent":0,"menu_order":0,"comment_status":"closed","ping_status":"closed","template":"","meta":{"_editorskit_title_hidden":false,"_editorskit_reading_time":0,"_editorskit_is_block_options_detached":false,"_editorskit_block_options_position":"{}","footnotes":""},"class_list":["post-786","page","type-page","status-publish","hentry"],"_links":{"self":[{"href":"https:\/\/festivalamontour.fr\/index.php\/wp-json\/wp\/v2\/pages\/786","targetHints":{"allow":["GET"]}}],"collection":[{"href":"https:\/\/festivalamontour.fr\/index.php\/wp-json\/wp\/v2\/pages"}],"about":[{"href":"https:\/\/festivalamontour.fr\/index.php\/wp-json\/wp\/v2\/types\/page"}],"author":[{"embeddable":true,"href":"https:\/\/festivalamontour.fr\/index.php\/wp-json\/wp\/v2\/users\/1"}],"replies":[{"embeddable":true,"href":"https:\/\/festivalamontour.fr\/index.php\/wp-json\/wp\/v2\/comments?post=786"}],"version-history":[{"count":1,"href":"https:\/\/festivalamontour.fr\/index.php\/wp-json\/wp\/v2\/pages\/786\/revisions"}],"predecessor-version":[{"id":787,"href":"https:\/\/festivalamontour.fr\/index.php\/wp-json\/wp\/v2\/pages\/786\/revisions\/787"}],"wp:attachment":[{"href":"https:\/\/festivalamontour.fr\/index.php\/wp-json\/wp\/v2\/media?parent=786"}],"curies":[{"name":"wp","href":"https:\/\/api.w.org\/{rel}","templated":true}]}}