{"id":752,"date":"2025-04-21T11:04:10","date_gmt":"2025-04-21T09:04:10","guid":{"rendered":"https:\/\/festivalamontour.fr\/?page_id=752"},"modified":"2025-04-22T15:48:57","modified_gmt":"2025-04-22T13:48:57","slug":"dimanche-20-juillet","status":"publish","type":"page","link":"https:\/\/festivalamontour.fr\/index.php\/accueil\/dimanche-20-juillet\/","title":{"rendered":"Dimanche 20 juillet"},"content":{"rendered":"<h2 style=\"text-align: center;\"><span style=\"color: #30534e;\"><strong><em>Pour Finir en Douceur<\/em><\/strong><\/span><\/h2>\n<p>&nbsp;<\/p>\n<h3 style=\"text-align: center;\"><span style=\"color: #000000;\"><strong><span class=\"s1\">12h<\/span><\/strong><\/span><\/h3>\n<h4 class=\"p3\" style=\"text-align: center;\"><span style=\"color: #000000;\"><span class=\"s1\">Rdv Chez Jacques<\/span><\/span><\/h4>\n<h4 class=\"p3\" style=\"text-align: center;\"><span style=\"color: #000000;\"><strong><span class=\"s1\">D\u00e9jeuner Improvis\u00e9<br \/>\navec les musiciens du festival<\/span><\/strong><\/span><\/h4>\n<h3><\/h3>\n<p>&nbsp;<\/p>\n<h3 style=\"text-align: center;\"><span style=\"color: #000000;\"><strong>15h30<\/strong><\/span><\/h3>\n<h4 style=\"text-align: center;\"><span style=\"color: #000000;\">Parvis de l&#8217;\u00c9glise<\/span><\/h4>\n<h4 style=\"text-align: center;\"><strong>\u00c0 Mon Tour De Jouer<br \/>\n<\/strong><span style=\"color: #000000;\"><strong>Restitution<\/strong><strong> du <\/strong><strong>stage<\/strong><\/span><\/h4>\n<h3><\/h3>\n<p>&nbsp;<\/p>\n<h3 style=\"text-align: center;\"><span style=\"color: #000000;\"><strong>16h<\/strong><\/span><\/h3>\n<h4 style=\"text-align: center;\">\u00c9glise Saint Melaine<\/h4>\n<h4 style=\"text-align: center;\"><strong><span style=\"color: #000000;\">Synesth\u00e9sia<\/span><\/strong><br \/>\n<strong>Solo de Contrebasse<\/strong><br \/>\n<strong>Ronan Courty<\/strong><\/h4>\n<h4 style=\"text-align: center;\"><strong><span style=\"color: #000000;\">Pan Atlantico<\/span><\/strong><br \/>\n<strong>Chanson Argentine<\/strong><br \/>\n<strong>Diana Baroni et Simon Drappier<\/strong><\/h4>\n<p style=\"text-align: center;\">\n","protected":false},"excerpt":{"rendered":"<p>Pour Finir en Douceur &nbsp; 12h Rdv Chez Jacques D\u00e9jeuner Improvis\u00e9 avec les musiciens du festival &nbsp; 15h30 Parvis de l&#8217;\u00c9glise \u00c0 Mon Tour De Jouer Restitution du stage &nbsp; 16h \u00c9glise Saint Melaine Synesth\u00e9sia Solo de Contrebasse Ronan Courty Pan Atlantico Chanson Argentine Diana Baroni et Simon Drappier<\/p>\n","protected":false},"author":1,"featured_media":0,"parent":57,"menu_order":0,"comment_status":"closed","ping_status":"closed","template":"","meta":{"_editorskit_title_hidden":false,"_editorskit_reading_time":0,"_editorskit_is_block_options_detached":false,"_editorskit_block_options_position":"{}","footnotes":""},"class_list":["post-752","page","type-page","status-publish","hentry"],"_links":{"self":[{"href":"https:\/\/festivalamontour.fr\/index.php\/wp-json\/wp\/v2\/pages\/752","targetHints":{"allow":["GET"]}}],"collection":[{"href":"https:\/\/festivalamontour.fr\/index.php\/wp-json\/wp\/v2\/pages"}],"about":[{"href":"https:\/\/festivalamontour.fr\/index.php\/wp-json\/wp\/v2\/types\/page"}],"author":[{"embeddable":true,"href":"https:\/\/festivalamontour.fr\/index.php\/wp-json\/wp\/v2\/users\/1"}],"replies":[{"embeddable":true,"href":"https:\/\/festivalamontour.fr\/index.php\/wp-json\/wp\/v2\/comments?post=752"}],"version-history":[{"count":7,"href":"https:\/\/festivalamontour.fr\/index.php\/wp-json\/wp\/v2\/pages\/752\/revisions"}],"predecessor-version":[{"id":759,"href":"https:\/\/festivalamontour.fr\/index.php\/wp-json\/wp\/v2\/pages\/752\/revisions\/759"}],"up":[{"embeddable":true,"href":"https:\/\/festivalamontour.fr\/index.php\/wp-json\/wp\/v2\/pages\/57"}],"wp:attachment":[{"href":"https:\/\/festivalamontour.fr\/index.php\/wp-json\/wp\/v2\/media?parent=752"}],"curies":[{"name":"wp","href":"https:\/\/api.w.org\/{rel}","templated":true}]}}

<h2 style="text-align: center;"><span style="color: #30534e;"><strong><em>Pour Finir en Douceur</em></strong></span></h2>
<p>&nbsp;</p>
<h3 style="text-align: center;"><span style="color: #000000;"><strong><span class="s1">12h</span></strong></span></h3>
<h4 class="p3" style="text-align: center;"><span style="color: #000000;"><span class="s1">Rdv Chez Jacques</span></span></h4>
<h4 class="p3" style="text-align: center;"><span style="color: #000000;"><strong><span class="s1">Déjeuner Improvisé<br />
avec les musiciens du festival</span></strong></span></h4>
<h3></h3>
<p>&nbsp;</p>
<h3 style="text-align: center;"><span style="color: #000000;"><strong>15h30</strong></span></h3>
<h4 style="text-align: center;"><span style="color: #000000;">Parvis de l&#8217;Église</span></h4>
<h4 style="text-align: center;"><strong>À Mon Tour De Jouer<br />
</strong><span style="color: #000000;"><strong>Restitution</strong><strong> du </strong><strong>stage</strong></span></h4>
<h3></h3>
<p>&nbsp;</p>
<h3 style="text-align: center;"><span style="color: #000000;"><strong>16h</strong></span></h3>
<h4 style="text-align: center;">Église Saint Melaine</h4>
<h4 style="text-align: center;"><strong><span style="color: #000000;">Synesthésia</span></strong><br />
<strong>Solo de Contrebasse</strong><br />
<strong>Ronan Courty</strong></h4>
<h4 style="text-align: center;"><strong><span style="color: #000000;">Pan Atlantico</span></strong><br />
<strong>Chanson Argentine</strong><br />
<strong>Diana Baroni et Simon Drappier</strong></h4>
<p style="text-align: center;">

<p>Pour Finir en Douceur &nbsp; 12h Rdv Chez Jacques Déjeuner Improvisé avec les musiciens du festival &nbsp; 15h30 Parvis de l&#8217;Église À Mon Tour De Jouer Restitution du stage &nbsp; 16h Église Saint Melaine Synesthésia Solo de Contrebasse Ronan Courty Pan Atlantico Chanson Argentine Diana Baroni et Simon Drappier</p>
